+ 102 = -2634*c + 2*h, -5*h = -4*c + 317. What is the remainder when 266 is divided by c?
2
Let u = 94 - 94. Suppose 0 = 4*k - 12, u = o - 2*k + 5*k - 13. Calculate the remainder when 46/2 + (-3)/3 is divided by o.
2
Let h(r) = 18*r + 849. What is the remainder when h(87) is divided by 110?
105
Suppose 15*u + 13 = -17. Calculate the remainder when (363/(-22))/(u/(8/3)) is divided by 10.
2
Suppose -d = 2*x - 70, 4*d = 4*x - 9*x + 178. Let o be 9/(8 + -5) + 4. Suppose -o*h + 533 - 64 = 0. What is the remainder when h is divided by x?
33
Let x be ((-27 - -3)/4)/(1 + -2). Suppose -x*s = 8*s - 98. What is the remainder when s is divided by 6?
1
Let q(m) = 39*m + 77. What is the remainder when q(4) is divided by 55?
13
Let a = -93 - -122. Suppose -3*m + 5*m = -5*q + 60, -q + 3*m + a = 0. Calculate the remainder when 107 is divided by q.
9
Let o = 21 - -84. Suppose -7*z + o = -2*z. Calculate the remainder when -8*12/(-128)*4 - 396/(-4) is divided by z.
18
Suppose -9 = 4*z + 2*v - 105, 28 = 2*z - 4*v. Calculate the remainder when 368 is divided by (-8)/z + 66402/682.
77
Suppose -15*t = 5*t - 11155 + 3335. Calculate the remainder when t is divided by 34.
17
Suppose -26036 = 356*z - 922*z. Calculate the remainder when 175 is divided by z.
37
Suppose -5*y - 10 = -l - 4*l, -l - 5 = 0. Let a = y - -21. Let w(t) = -4*t - 17. Calculate the remainder when w(-18) is divided by a.
13
Suppose 171*k + 20*k = 3630 + 7830. Calculate the remainder when 1728 is divided by k.
48
Let t(g) = 2*g**3 - 25*g**2 + 17*g. Suppose -4*h = 3*n + 185, 7 = -4*h - 1. Let k = -47 - n. What is the remainder when t(k) is divided by 13?
8
Suppose x = 2*x - 5*s - 48, -5*s + 64 = 3*x. What is the remainder when 39 is divided by x?
11
Let o(z) = 2*z + 14. Let k be o(-8). Calculate the remainder when 3/(k/5 + 1388/3320) is divided by 21.
19
Suppose -k = 2*s - 53, -6*s + 63 = -4*s + 3*k. Calculate the remainder when (-2496)/s*(-2)/4 is divided by ((-105)/(-12))/5*8.
10
Let i(o) = 3*o**2 - 12*o + 14. Let u = 85 + -78. Calculate the remainder when i(u) is divided by 111/12 - (-2)/(-8).
5
Suppose -2*u = 2*l - 6*l + 50438, -3*l - 5*u = -37796. What is the remainder when l is divided by 65?
62
Let b = -566 + 572. Calculate the remainder when (b*(-2)/8)/((-4)/200) is divided by 38.
37
Let m = 17568 - 14400. What is the remainder when m is divided by 10?
8
Let p(b) = -19*b - 559. What is the remainder when p(-35) is divided by 85?
21
Let i be 3 - (-1)/(-1) - (29 + -35). Suppose i*v + 10 = 250. Calculate the remainder when 96 is divided by v.
6
Suppose 3*j + 44 = 5*j. Let l(c) = c**3 - 9*c**2 - 21*c - 50. What is the remainder when l(12) is divided by j?
20
Let k(w) = -82*w + 5068. Calculate the remainder when 859 is divided by k(60).
119
Let m(y) = 1. Let i(s) = s**2 - 33*s + 81. Let a(c) = i(c) - 4*m(c). Calculate the remainder when a(32) is divided by 16.
13
Let r = -8426 - -9158. Calculate the remainder when r is divided by 83.
68
Let x = 5072 + -4604. Calculate the remainder when x is divided by 237.
231
Let r = -164 - -286. Suppose 3*s = 3*l + 423, -l - 277 = -2*s + 2*l. Let g = s - r. Calculate the remainder when 94 is divided by g.
22
Let g(i) = 5*i**3 + 35*i + 3. Let v be g(6). Suppose 0 = 13*r - v + 396. Suppose 4*q - 195 = -55. What is the remainder when r is divided by q?
34
Let p(l) = -39*l**2 - 1951*l - 43. What is the remainder when 604 is divided by p(-50)?
2
Calculate the remainder when 5*216/(-81)*246/(-4) is divided by 410.
0
Let l(v) = 23*v - 2. Suppose 2*r - w = 4, -2*r + r + 5 = -2*w. Let j = -672 + 816. What is the remainder when j is divided by l(r)?
18
Suppose -3*n + 228 = n. Let o be 1365/55 + -5 + 2/11. Calculate the remainder when n is divided by (-9)/((-810)/o) + (-268)/(-9).
27
Let l = 263 + 1327. Calculate the remainder when l is divided by 57.
51
Suppose 869*q - 5382 = 830*q. What is the remainder when 437 is divided by q?
23
Suppose q + 22 = 5*q + h, -4*q = 2*h - 24. Suppose -211 = 2*w + 5*a - 634, -q*w - 5*a = -1035. What is the remainder when w is divided by 23?
20
Let o(m) = m + 1. Let q be o(1). Calculate the remainder when (13 + 3 - 1)/((-26)/(-78)) is divided by q/(2/8 + 0).
5
Suppose -3*c = -0*c - 108. Suppose 3*j = 4*k - 1068 + 211, 3*k = 5*j + 651. Calculate the remainder when k is divided by c.
32
Let o(x) = -9*x - 62. Suppose -j = 4, 4*j + 20 + 7 = -s. Let t(v) = -2*v**2 - 24*v - 15. Calculate the remainder when o(-9) is divided by t(s).
5
Calculate the remainder when 2084 is divided by 57*(9/45)/(-2 - 23/(-10)).
32
Suppose 6 = -2*v + 22. Let n = -6721 + 6723. Calculate the remainder when (-8)/3*(-36)/v is divided by n.
0
Let j be ((-10)/20)/(1/150*3). Let z(x) = x**3 - 6*x**2 + 12*x - 12. Let u be z(6). Let n = u + j. What is the remainder when 68 is divided by n?
33
Let y(n) = -26*n**3 + 5*n**2 - 10*n - 35. What is the remainder when y(-3) is divided by 34?
28
Let c be 287/10*16 + (-24)/(-30). Suppose -r - 235 = -c. Calculate the remainder when r is divided by 12.
9
Let c(h) = -25*h - 105. Let q be c(-6). Suppose -j + 79 = 4*j - 3*p, -3*p = -3*j + q. Calculate the remainder when 43 is divided by j.
9
Let a = 56 - 36. Suppose 3*l + 2319 = 525. Let o = l - -626. What is the remainder when o is divided by a?
8
Let d be (0 - -6)*2/(-2). Let p = 53 - 34. Calculate the remainder when 1/(d + 9)*111 is divided by p.
18
What is the remainder when ((-83)/(-2))/(60/3480) is divided by 161?
153
Suppose -x = -2*b + 148, -222 = -6*b + 3*b + 3*x. Suppose -t = 8*t - 99. Suppose 0 = 15*m - t*m - 76. What is the remainder when b is divided by m?
17
Let b(x) = 2*x**2 + 2*x + 3. Let m(p) = -p**2. Let r be m(-2). Suppose w + 35 - 41 = 0. Calculate the remainder when b(r) is divided by w.
3
Let w(j) = 26*j**2 + 5*j - 9. Let i(y) = -320*y + 1632. Calculate the remainder when w(6) is divided by i(5).
29
Suppose -27*f - 295 = -32*f. Suppose -2*s - 3*q = -8*q - f, 3*s - 51 = -5*q. Calculate the remainder when 36 is divided by s.
14
Let n be (-6)/(-54) + 2/(-18). Suppose h + 4*d - 40 = n, 3*d - d + 106 = 4*h. Let t(q) = 9*q + 7. What is the remainder when t(5) is divided by h?
24
Let y = 16 - -13. Let m be -1*(-29 - -16) + -7. Let n = y - m. Calculate the remainder when n is divided by 10.
3
Suppose 4*f - y + 32 = -26, 3*f + 47 = -y. What is the remainder when 58 is divided by 4/(-6) - 235/f?
13
Suppose -p = -2*h - 6 - 0, 0 = 4*p - 3*h - 19. Let g(k) = 8*k**2 - 7*k + 6. Calculate the remainder when g(p) is divided by 36.
34
Let r = -20 - -42. Suppose 47*g - 300*g + 15197 + 11621 = 0. What is the remainder when g is divided by r?
18
Let d(p) = 47*p**2 + 24*p + 116. Let s be d(-4). Let l = s - 621. What is the remainder when l is divided by 13?
8
Let n = -265 + 428. Suppose n*g + 160 = 168*g. What is the remainder when g is divided by 6?
2
Let x(n) = 3*n**2 - 64*n - 23. Let z be x(22). Let c = -19 + z. Suppose -2*d + 5 = 3. What is the remainder when c is divided by d?
0
Suppose 21*s - 66 = 60. Suppose -5*t + j + 18 = 0, -3*j + 8*j + 12 = -t. Calculate the remainder when s is divided by t.
0
Let a(m) = m**2 - 2*m. Let b be a(7). Let d = b - -132. What is the remainder when d is divided by (-1 - 1*(-10)/25) + (-1704)/(-40)?
41
Let d(i) = -i**2 - 8*i + 19. Let a = -83 + 71. Let o be d(a). Let k = 38 + o. Calculate the remainder when k is divided by 3.
0
Suppose -2*k - o + 80 = 0, 8*k + 4*o = 3*k + 194. Let f = 70 - k. Suppose -6 - 46 = -z. What is the remainder when z is divided by f?
24
Let n(h) = 8*h**2 - 377*h + 203. What is the remainder when n(53) is divided by 87?
84
Let j = 31 - 19. Suppose 8 + 4 = -4*u. Let h(x) = 5*x**2 + 3*x + 10. What is the remainder when h(u) is divided by j?
10
Let c(z) = 53*z**2 - 28*z - 71. Calculate the remainder when c(-2) is divided by 110.
87
Suppose 5*a = 6*a + 4, -2*o = -5*a - 32. Let f(p) = -4*p**3 + 2*p**2 + 2*p + 2. Let c be f(-2). Calculate the remainder when 88 is divided by ((-4)/12 + 5/o)*c.
12
Suppose w - 1 = 7. Suppose -2*f + 71 = x, -2*f + 4*f = -3*x + 193. What is the remainder when x is divided by w?
5
Let l = 4 + 0. Suppose 0 = -19*b + 10*b - b + 50. Suppose l*n = -2*r + 70, 2*r - b*n - 106 = -0*n. Calculate the remainder when r is divided by 9.
7
Suppose -5*t + 2*t = 5*z - 593, -2*t - 103 = -z. Calculate the remainder when 150